(n) = -n**2 + 669*n - 6553. Calculate q(10).
37
Let j(b) = b**3 + 24*b**2 + 48*b + 558. Calculate j(-23).
-17
Let b(q) = q**2 + 14*q + 39. Calculate b(-10).
-1
Let r(t) = t**3 - 21*t**2 + 7*t - 61. Calculate r(21).
86
Let j(d) = -d**3 + 20*d**2 + 13*d + 161. Determine j(21).
-7
Let r(t) = -7*t - 471. Calculate r(-21).
-324
Let k(b) = -3*b**3 + 10*b**2 - 60*b + 124. Calculate k(2).
20
Let m(d) = d**3 + 4*d**2 - 60*d - 107. What is m(-9)?
28
Let p(z) = -1258*z + 7524. Calculate p(6).
-24
Let z(k) = 29*k + 511. Give z(-17).
18
Let j(f) = -308*f + 16958. Calculate j(55).
18
Let m(o) = 22*o**3 - 11*o**2 - 51*o - 4. Determine m(-3).
-544
Let v(c) = -28*c**2 - 82*c - 40. Determine v(-2).
12
Let b(p) = -304*p - 5456. Calculate b(-18).
16
Let s(j) = 78*j + 133. What is s(-7)?
-413
Let f(w) = 5*w**2 - 42*w + 57. Determine f(5).
-28
Let q(x) = 472*x - 54759. Give q(116).
-7
Let q(t) = 21*t**3 - t + 2. Give q(1).
22
Let h(y) = 49*y + 1477. Determine h(-30).
7
Let h(n) = -2*n**2 - 305*n - 8034. Calculate h(-34).
24
Let s(g) = g**3 + 113*g**2 - 599*g - 1172. What is s(-118)?
-110
Let s(h) = h**3 - 6*h**2 - 32*h + 106. What is s(6)?
-86
Let r(b) = -2*b**3 + 14*b**2 + 48*b + 34. Determine r(-1).
2
Let g(x) = -991*x + 14864. Determine g(15).
-1
Let n(g) = -10*g**3 + 858*g**2 + 172*g + 7. What is n(86)?
7
Let j(c) = 5*c**2 + 126*c + 800. Calculate j(-13).
7
Let l(t) = -6*t**2 - 157*t + 495. Calculate l(-29).
2
Let n(t) = 124*t - 583. What is n(5)?
37
Let o(c) = 36*c + 477. Give o(-12).
45
Let s(n) = 2884*n + 20184. Determine s(-7).
-4
Let l(n) = 2*n**3 + 20*n**2 - 50*n - 4. What is l(-12)?
20
Let m(f) = -14*f**3 - 2*f**2 - 13*f - 9. Calculate m(-2).
121
Let o(a) = a**3 - 19*a**2 + 35*a + 52. Calculate o(16).
-156
Let j(z) = z**3 - 10*z**2 - 46*z + 38. Calculate j(-4).
-2
Let w(l) = -l**2 - 27*l - 277. Give w(-12).
-97
Let a(i) = 4*i**2 - 16419*i + 16420. What is a(1)?
5
Let z(y) = 3*y**3 - 30*y**2 - y + 14. What is z(10)?
4
Let n(u) = -u**2 - 78*u + 427. What is n(5)?
12
Let t(k) = -7*k**3 - 198*k**2 - 58*k - 53. Calculate t(-28).
3
Let v(p) = 8*p**2 + 86*p - 343. Give v(4).
129
Let k(o) = 2*o + 181. Calculate k(-23).
135
Let l(a) = a**3 + 6*a**2 - 17*a - 3. Determine l(-8).
5
Let g(i) = 13*i - 8. Calculate g(-2).
-34
Let o(g) = g**3 + 210*g**2 - 850*g - 15. What is o(4)?
9
Let n(f) = -2*f**3 + 69*f**2 + 109*f - 16. What is n(36)?
20
Let u(z) = -z - 980. What is u(53)?
-1033
Let g(r) = 29*r - 2534. Calculate g(61).
-765
Let u(r) = 16*r - 374. Calculate u(21).
-38
Let p(b) = 46*b - 39. Give p(-2).
-131
Let o(s) = 3*s**2 + 29*s + 81. Determine o(-7).
25
Let r(i) = -1505*i + 58700. Calculate r(39).
5
Let x(p) = 6*p - 84. Give x(11).
-18
Let b(l) = 117*l + 728. Determine b(-6).
26
Let v(m) = -2*m**3 + 21*m**2 + 40*m - 24. What is v(12)?
24
Let z(u) = -5*u**3 - 6*u**2 + 16*u + 27. What is z(-2)?
11
Let y(n) = n**2 + 27*n - 553. Give y(-41).
21
Let g(f) = 2*f**2 - 4*f + 140. What is g(0)?
140
Let q(f) = -f**3 - 9*f**2 - 143*f + 153. Give q(1).
0
Let r(q) = -17*q**2 - 23*q - 14. Calculate r(-2).
-36
Let i(u) = u**3 - 7*u**2 - 13*u + 67. What is i(6)?
-47
Let l(x) = -28*x**2 - 98*x + 1601. What is l(6)?
5
Let n(f) = -f**3 - 16*f**2 - 42*f - 1407. Calculate n(-18).
-3
Let x(j) = 5*j**2 + 28*j - 93. Give x(3).
36
Let x(p) = p**3 + 30*p**2 - 30*p + 2258. Determine x(-33).
-19
Let h(b) = -b**3 - 108*b**2 - 970*b + 1004. What is h(-98)?
24
Let c(k) = -k**2 + 61*k + 2438. What is c(-28)?
-54
Let m(i) = -i**2 + 1657*i + 170140. What is m(-97)?
2
Let r(g) = 234*g - 100. What is r(1)?
134
Let g(t) = 679*t + 685. Calculate g(-1).
6
Let r(s) = 5*s**2 - 5*s - 648. Calculate r(-11).
12
Let g(r) = -12*r - 300. Determine g(-33).
96
Let p(i) = 2*i**3 + 28*i**2 + 32*i + 71. Calculate p(-13).
-7
Let y(a) = a**2 - 110*a + 631. Calculate y(6).
7
Let r(q) = 4*q**2 - 147*q - 162. What is r(-1)?
-11
Let t(p) = p**3 - 6*p**2 - 131. Determine t(8).
-3
Let v(x) = 2335*x + 228826. What is v(-98)?
-4
Let j(g) = g**2 - 62*g - 8. Calculate j(0).
-8
Let h(a) = -2*a**3 + 29*a**2 - 28*a - 94. Determine h(14).
-290
Let r(f) = -91*f + 17631. Determine r(194).
-23
Let b(v) = -16*v**3 + 239*v**2 + 14*v + 8. Determine b(15).
-7
Let j(k) = k**2 - 18*k - 121. Determine j(20).
-81
Let g(j) = 3152*j - 25223. What is g(8)?
-7
Let u(o) = -21*o + 14. Calculate u(3).
-49
Let y(s) = s - 55. Give y(23).
-32
Let q(j) = -2494*j - 29941. What is q(-12)?
-13
Let v(n) = n**2 - 68*n + 969. What is v(23)?
-66
Let s(i) = -6*i**3 + 107*i**2 - 261*i + 85. Give s(15).
-5
Let a(k) = -4*k**2 + 198*k + 119. Calculate a(49).
217
Let l(s) = -s**3 + 17*s**2 + 580*s - 73. What is l(34)?
-5
Let m(p) = -p**3 + 44*p**2 - 22*p - 912. Calculate m(43).
-9
Let x(k) = -41*k - 1700. Calculate x(-42).
22
Let w(f) = -95*f**2 - 392*f - 39. Determine w(-4).
9
Let b(l) = -l**3 - l**2 + 43*l + 98. Give b(-6).
20
Let d(y) = -4*y**2 - 13*y - 13. Calculate d(-10).
-283
Let m(x) = x**3 - 33*x**2 - 24*x - 387. Calculate m(34).
-47
Let j(y) = y**3 + 128*y**2 - 664*y + 126. Determine j(-133).
-7
Let z(h) = -158*h + 24324. Give z(154).
-8
Let r(d) = -d**3 + 86*d**2 + 246*d + 1865. Determine r(89).
-4
Let y(k) = k**3 - 81*k**2 - 151*k - 1226. Determine y(83).
19
Let y(w) = w**3 + 5*w**2 + 14*w + 37. What is y(-5)?
-33
Let q(x) = -24*x - 160. What is q(7)?
-328
Let t(z) = 36*z - 7. Determine t(0).
-7
Let p(q) = 2*q**3 + 16*q**2 + 24*q + 20. Determine p(-8).
-172
Let q(a) = a**3 - 52*a**2 + 191*a - 11. Give q(48).
-59
Let v(y) = -y**3 - 16*y**2 - 20*y + 250. Give v(-13).
3
Let t(v) = -v**3 + 28*v**2 - 96*v + 15. What is t(24)?
15
Let d(t) = -t**3 + 42*t**2 + 87*t - 101. Give d(44).
-145
Let y(h) = -h**2 - 27*h - 198. Calculate y(-18).
-36
Let t(n) = -2*n**3 - 77*n**2 - 723*n - 48. What is t(-16)?
0
Let i(n) = n**3 + 2*n**2 + 40. Determine i(-9).
-527
Let o(r) = -r**3 - 6*r**2 + 136*r + 81. Give o(-15).
66
Let z(w) = 387*w + 51847. Calculate z(-134).
-11
Let r(o) = -6399*o + 31989. Calculate r(5).
-6
Let w(h) = 6*h**2 + 428*h - 309. Calculate w(-72).
-21
Let u(m) = -7*m**2 - 322*m - 1213. Determine u(-42).
-37
Let t(l) = 14*l - 152. Give t(11).
2
Let u(j) = 15*j**2 - 239*j - 61. What is u(16)?
-45
Let j(s) = -s**3 - 12*s**2 - 75*s - 236. What is j(-6)?
-2
Let w(a) = -a**3 - 10*a**2 - 270*a - 3093. Calculate w(-11).
-2
Let j(x) = -335*x + 2021. Determine j(6).
11
Let n(l) = -22*l + 813. Calculate n(36).
21
Let j(c) = -95*c + 1014. Give j(11).
-31
Let j(r) = -r**2 - 164*r - 6717. Determine j(-85).
-2
Let p(f) = 22*f**3 - f**2 + 14*f + 16. Give p(-1).
-21
Let b(s) = -18*s + 1295. Calculate b(59).
233
Let j(a) = -a**3 + 29*a**2 - 147*a - 120. Give j(22).
34
Let a(z) = -23*z**2 - 1818*z - 78. Determine a(-79).
1
Let j(z) = z**2 + 140*z - 2154. Calculate j(14).
2
Let d(u) = -7*u**2 + 314*u + 3024. Calculate d(53).
3
Let n(m) = 24*m + 1309. Give n(-56).
-35
Let q(r) = 19076*r + 114450. What is q(-6)?
-6
Let s(j) = -21*j - 62. Determine s(2).
-104
Let n(c) = -c**3 + 8*c**2 - 12*c + 32. What is n(4)?
48
Let x(f) = f**2 - 50*f - 775. Give x(-12).
-31
Let v(i) = 909*i - 23632. Determine v(26).
2
Let o(x) = -3*x**2 - 39*x - 98. Determine o(-9).
10
Let n(z) = 135*z + 941. Calculate n(-7).
-4
Let f(w) = w**2 - 1172*w - 7090. What is f(-6)?
-22
Let f(s) = -15875*s + 31754. Calculate f(2).
4
Let c(v) = -9*v + 556. What is c(60)?
16
Let z(b) = -b**3 - 12*b**2 - 4*b + 25. Determine z(-6).
-167
Let s(p) = -102*p + 812. Give s(8).
-4
Let v(d) = -7*d**3 + 828*d**2 - 239*d + 352. Give v(118).
-2
Let d(b) = b**3 - 342*b**2 + 3318*b + 13. What is d(10)?
-7
Let k(q) = -45*q - 19. Determine k(-2).
71
Let g(y) = -15*y**2 - 96*y + 19. Calculate g(-7).
-44
Let r(g) = 6*g**3 - 3*g**2 + 2*g + 66. Give r(0).
66
Let j(n) = 20*n + 693. Give j(-31).
73
Let r(n) = -n**3 + 2*n**2 + 22*n + 10. Calculate r(4).
66
Let b(t) = t**3 + 32*t**2 - 196*t + 34. Calculate b(5).
-21
Let i(o) = -5171*o - 15508. Determine i(-3).
5
Let j(m) = m**3 - 6*m**2 + 12*m - 108. What is j(6)?
-36
Let b(q) = 19052*q - 342937. Give b(18).
-1
Let g(l) = -l**2 + 935*l + 5656. Give g(-6).
10
Let b(g) = 2*g**2 + 92*g + 824. Calculate b(-34).
8
Let g(c) = 2*c**2 + 24*c - 150. Determine g(4).
-22
Let y(a) = 8*a**2 + 156*a + 197. Determine y(-19).
121
Let y(t) = -5*t**2 + 85*t + 296. Give y(20).
-4
Let i(r) = -r**3 + 4*r**2 